9. List the prime factors of d.
2, 3, 5
Suppose 4*l + 9 = 4*v + 5*l, 4*l = -4*v. Suppose -11168 = -v*h - 4067. List the prime factors of h/12*-2*12/(-18).
263
Suppose -4*b + 4*l = -1 + 13, -12 = -4*b - 4*l. Let f be -3 + 2 - (b - 45). Suppose 5*y - f = h + 49, -h + 2 = 0. What are the prime factors of y?
19
What are the prime factors of (-25 - -23) + 1 + (14080 - 0)?
3, 13, 19
Suppose 0 = -31*a + 37*a - 111456. Suppose a = -25*t + 43*t. What are the prime factors of t?
2, 3, 43
Suppose 11*m - 6240 = m. List the prime factors of m*(15/10 - 1).
2, 3, 13
Let t(j) be the first derivative of j**3/3 - 9*j**2/2 + 40*j + 25. Let d be t(12). Let i = d - 42. List the prime factors of i.
2, 17
Let o(t) = -5*t + 59. Suppose -3*g - x = -33, 3*g + x - 45 = -g. Let c be o(g). List the prime factors of c/((8/4)/(-8)) - -134.
2, 3, 23
What are the prime factors of (6513 - (-8 - -3)) + 4 + (4 - 2)?
2, 7, 233
Let g be (8/(-12) + (-55)/30)*6. Let b(d) = -7*d + 48. What are the prime factors of b(g)?
3, 17
Let x = 28952 - 12897. List the prime factors of x.
5, 13, 19
Suppose 356*p - 7009729 = -30*p + 1291587. List the prime factors of p.
2, 10753
Let a = 8 + -6. Suppose 36 = 5*x - n, -4*x + 0*x - 4*n = -24. Suppose a*l - l = x. List the prime factors of l.
7
Suppose -g - 2*u - 3*u = -42, 0 = -5*g - 4*u + 294. Let o be 2*g/(-8)*14. Let c = o - -413. List the prime factors of c.
2, 7
Suppose -62*x + 176 = -18*x. Suppose -360 = -2*c - 2*a, 5*c + 2*a = x*c + 176. List the prime factors of c.
2, 23
Suppose 7*t + t - 104 = 0. Let f(k) = -k**3 + 11*k**2 + 31*k - 11. What are the prime factors of f(t)?
2, 3
Let z(n) = 26*n**2 + 101*n - 286. What are the prime factors of z(23)?
15791
Let b(l) = -6*l**2 + 54*l + 408. Let g(q) = -2*q**2 + 18*q + 136. Let o(a) = -6*b(a) + 17*g(a). What are the prime factors of o(-16)?
2, 83
Let g(n) = 7*n + 116. Let k be g(-14). Suppose -k*y + 635 = -3631. What are the prime factors of y?
3, 79
Suppose -4*g - w = 35, 5*g + w - 2*w + 55 = 0. Let h = 18 - g. What are the prime factors of h?
2, 7
Let g = 1131 - 444. Suppose -1017 - 375 = -4*x + 4*b, -b + g = 2*x. What are the prime factors of x?
3, 5, 23
Suppose -489*g = 3*u - 488*g - 1774, -5*u = g - 2956. What are the prime factors of u?
3, 197
Suppose 32*p - 34*p - 6964 = -y, 0 = 2*y - 3*p - 13929. What are the prime factors of y?
2, 3, 43
Suppose 4*b - 3*z = -4, -5*b + 3*z + 0*z = 2. Suppose b*w + 145 = 857. List the prime factors of w.
2, 89
Let m(y) = 6*y**3 - 6*y**2 + 7. Let c be m(3). Suppose 0 = 5*t - c - 340. What are the prime factors of t?
7, 13
Let n(t) = 2740*t**2 - 90*t + 76. List the prime factors of n(6).
2, 13, 59
Let k be (-10)/90 - (-17872)/(-18). Let c = -565 - k. What are the prime factors of c?
2, 107
Let o(m) = 4*m**2 - 6*m - 38. Let v = -68 - -62. Let h be (8 - 0)*(-3 + v + 10). List the prime factors of o(h).
2, 5, 17
Let r(u) be the second derivative of 4*u**2 + 0 + 10*u - 7/6*u**3. List the prime factors of r(-16).
2, 3, 5
Let b be -62*(10/(-40))/(1/(-2)). Let y = -30 - b. What are the prime factors of (y + -40 + 3)*(-4 + 2)?
2, 3
Suppose 21*y = -4*y - 25. Let n(c) = -c**3 + 4*c**2 + 6*c - 7. Let m be n(5). What are the prime factors of (m + (-33)/1)*y?
5, 7
Let n be 15/(-6)*(2 - (-3 - -1)). Let q = n + 15. Suppose -q*k = -41 - 124. What are the prime factors of k?
3, 11
Let k(w) = 30*w**2 - 971*w + 90. List the prime factors of k(-29).
53479
Let u = -34 - -37. Suppose -10 = u*d + 5. What are the prime factors of d*2/(-10)*3?
3
Let t = 19810 - -3243. List the prime factors of t.
23053
Let z = 33678 - 12669. What are the prime factors of z?
3, 47, 149
Let r(n) = -3*n**3 + 13*n**2 - 5*n - 7. Let z(u) = 3*u**3 - 11*u**2 + 6*u + 8. Let h(s) = -6*r(s) - 5*z(s). List the prime factors of h(10).
2, 3, 13
Suppose -158*v = -159*v + 483. Suppose 4*m = -3*d + v, 175 = -4*d - m + 819. What are the prime factors of d?
7, 23
Let f(k) = -40*k + 124. Let v be f(-9). Let h = v + -166. What are the prime factors of h?
2, 3, 53
Let z = 456 - 269. Let o = -151 + z. List the prime factors of o.
2, 3
Suppose -21*f = 6*f - 864. Suppose f*h = 13*h + 15713. List the prime factors of h.
827
What are the prime factors of 295752/42 + 270/(-35) + 8?
2, 7, 503
Suppose -323*o + 3*n - 13922 = -324*o, 5*o + 4*n = 69643. What are the prime factors of o?
13931
Suppose 6*p - 3*p + 144 = -3*h, -h = -2*p - 93. Suppose 0 = -5*c + m + 304, -166 = -3*c + m + 18. Let s = p + c. List the prime factors of s.
13
Let q(t) = 9*t**2 + 2*t + 6. Let p = 134 - 141. List the prime factors of q(p).
433
What are the prime factors of 3*(39656/(-6))/(-10 + 14 - 6)?
2, 4957
Suppose 12*y - 5*y - 21 = 0. Suppose 0 = 2*p - 2*a - 272, -5*p - y*a + 710 = 2*a. List the prime factors of p.
139
Let k = 1 - -3. Suppose -30*d = -20 - 70. Suppose -k*p + 108 = -d*p. What are the prime factors of p?
2, 3
Let k(q) = -5*q**3 - 2*q**2 - q. Let z be k(-1). Suppose 0*o = -2*o + z*j + 28, -4*o = -3*j - 51. Let v = 24 + o. What are the prime factors of v?
2, 3
Suppose 3*t + 7471 = 4*f, -3*t + 2*t = -3*f + 5607. List the prime factors of f.
2, 5, 11, 17
Let k = 79 + -114. What are the prime factors of (-54)/30*k/(-1)*-1?
3, 7
Suppose 282*p = -4*j + 280*p + 50846, j - 12713 = -p. List the prime factors of j.
2, 5, 31, 41
Let o be (25 - -5)*3/(-6). List the prime factors of ((-9)/((-189)/140))/((-2)/o).
2, 5
Suppose -r - 14 = r. Let y(o) = -6*o**2 - 10*o - 8. Let n(w) = w**2. Let s(i) = 5*n(i) + y(i). What are the prime factors of s(r)?
13
Suppose -268*q - 105*q + 6565363 = -8879448. What are the prime factors of q?
47, 881
Let g(x) = 10*x + 133. Let t be g(-21). What are the prime factors of (-5380)/(-7) + (-4 - 264/t)?
2, 3
Let c = 391 - 46. Suppose 0 = -14*x + 49 + 35. Suppose -v + x*v - c = 0. List the prime factors of v.
3, 23
Suppose 17*h - 15*h + 3*k = 30928, -k - 77303 = -5*h. List the prime factors of h.
15461
Let n(c) = 827*c**3 + 7*c**2 - 15*c - 1. List the prime factors of n(2).
17, 389
Let y(u) = 29435*u**2 + 261*u + 261. What are the prime factors of y(-1)?
5, 7, 29
Let y be 13/(-26)*2*-5 - -22. Suppose 20 = -4*w, -3*v + y = -3*w - 480. What are the prime factors of v?
2, 41
Let x(g) = 4154*g**2 + 850*g - 2554. What are the prime factors of x(3)?
2, 18691
Let o(i) = -i**2 + 38*i + 50. List the prime factors of o(27).
347
Suppose -12*m = 3*m - 90. Let s(g) = 8*g**3 - 9*g**2 + 3*g - 18. Let x be s(m). Suppose 5*q + 3*b - x = 0, -3*b + 137 + 703 = 3*q. List the prime factors of q.
2, 3, 47
Suppose -5*x + 9637 + 1258 = 0. List the prime factors of x.
2179
Let n = 3719 + -1187. List the prime factors of n.
2, 3, 211
Let s(a) = -16*a - 31. Let i(k) = -k + 1. Let v(f) = -5*i(f) + s(f). Let t be v(-5). Suppose 13 = 2*j - t. List the prime factors of j.
2
Let g(v) = 2*v**2 - 23*v + 205. List the prime factors of g(-33).
2, 1571
Suppose -40 = -4*r + 4. List the prime factors of 4930/r + (-16)/88.
2, 7
Let c = 75 - 58. Let z = -8 + c. Suppose -15 - 1461 = -z*m. List the prime factors of m.
2, 41
Let c(u) = -6037*u + 413. What are the prime factors of c(-3)?
2, 11, 421
Let o be (-5 - (3 + -5)) + -613. Let m = 947 + o. List the prime factors of m.
331
Suppose 108*i = 171*i - 144081. What are the prime factors of i?
2287
Let d be 22 + 3 + 1 + (-6)/2. Suppose -d*k = -7*k - 6192. List the prime factors of k.
3, 43
Let n = 4088 - -2687. What are the prime factors of n?
5, 271
Suppose 47*f = 49*f. Suppose f = k - 4*h - 256, 5*h - 1238 = -5*k + 4*h. What are the prime factors of k?
2, 31
Suppose 71 = 4*h + 5*u, -h + 0*u - 3*u = -9. What are the prime factors of (-7 + 150/h)/(1/(-300))?
3, 5
Suppose 0 = -b - 3*d + 6*d + 1, 4*b = d + 15. Suppose 2*z - 2*u + 98 = 0, 0 = b*z + u + 22 + 184. Let p = 10 - z. List the prime factors of p.
61
List the prime factors of (-16)/(-6)*(1686420/(-18))/(-18).
2, 5, 347
Suppose 51 = 7*j - 12. Suppose -44 - 829 = -j*y. What are the prime factors of y?
97
Suppose 14556 = 149*l - 32230. What are the prime factors of l?
2, 157
Let v(o) = -4*o - 110. Let r be v(0). Let k = 44 - r. Let j = 226 - k. What are the prime factors of j?
2, 3
Suppose 6*g + 2*a - 10 = 2*g, 2*g = 5*a - 1. Suppose 3 = 5*h - 2*l - 20, 4*l - 14 = -2*h. Suppose 546 = h*s - g*s. What are the prime factors of s?
2, 7, 13
Let s(o) = 3811*o**3 + 6*o - 8